ivisor of 60 and 180?
60
What is the highest common factor of 25140 and 60?
60
Calculate the greatest common divisor of 68 and 6.
2
What is the highest common factor of 168 and 294?
42
What is the greatest common divisor of 597 and 3?
3
What is the highest common divisor of 90 and 870?
30
Calculate the greatest common divisor of 170 and 527.
17
Calculate the greatest common divisor of 189 and 3801.
21
Calculate the greatest common factor of 34 and 20621.
17
Calculate the greatest common factor of 832 and 16.
16
Calculate the greatest common divisor of 1792 and 14.
14
What is the highest common divisor of 2002 and 66?
22
What is the highest common factor of 3 and 132?
3
What is the highest common factor of 323 and 209?
19
Calculate the greatest common divisor of 264 and 7304.
88
Calculate the highest common factor of 160 and 880.
80
What is the greatest common divisor of 59 and 86671?
59
What is the highest common factor of 623 and 2581?
89
Calculate the highest common factor of 42 and 1911.
21
What is the greatest common divisor of 146 and 2993?
73
What is the highest common divisor of 1086 and 6?
6
Calculate the greatest common factor of 2256 and 192.
48
Calculate the greatest common divisor of 1905 and 15.
15
Calculate the highest common divisor of 432 and 81.
27
What is the highest common factor of 48 and 1296?
48
Calculate the highest common factor of 7 and 287.
7
What is the greatest common factor of 48 and 2604?
12
What is the greatest common factor of 253 and 207?
23
What is the highest common divisor of 205 and 205?
205
Calculate the greatest common factor of 3 and 24.
3
Calculate the highest common factor of 18 and 60.
6
Calculate the highest common factor of 960 and 890.
10
What is the highest common factor of 339 and 113?
113
What is the greatest common factor of 9 and 3?
3
What is the highest common factor of 3125 and 100?
25
What is the greatest common factor of 192 and 320?
64
Calculate the highest common factor of 29 and 2204.
29
Calculate the greatest common divisor of 118 and 1711.
59
Calculate the greatest common factor of 7 and 11725.
7
Calculate the greatest common divisor of 92 and 4370.
46
What is the greatest common divisor of 117 and 4407?
39
Calculate the highest common divisor of 8 and 17088.
8
What is the highest common factor of 18 and 3591?
9
What is the greatest common factor of 1140 and 152?
76
What is the highest common divisor of 19 and 13015?
19
Calculate the highest common factor of 260 and 6420.
20
Calculate the highest common factor of 16 and 480.
16
What is the highest common divisor of 78 and 3302?
26
What is the highest common divisor of 15 and 30?
15
What is the highest common divisor of 174 and 150?
6
What is the greatest common divisor of 308 and 4532?
44
What is the highest common factor of 121 and 5324?
121
Calculate the greatest common divisor of 418 and 950.
38
Calculate the highest common divisor of 31 and 248.
31
What is the highest common divisor of 10108 and 76?
76
Calculate the greatest common factor of 408 and 2754.
102
Calculate the greatest common divisor of 1817 and 46.
23
What is the greatest common factor of 81 and 297?
27
Calculate the greatest common factor of 26 and 4.
2
Calculate the greatest common divisor of 52 and 26078.
26
Calculate the greatest common divisor of 160 and 592.
16
Calculate the greatest common divisor of 126 and 351.
9
What is the highest common factor of 95529 and 21?
21
Calculate the greatest common divisor of 68 and 144772.
68
Calculate the greatest common factor of 3392 and 265.
53
Calculate the highest common factor of 680 and 289.
17
Calculate the highest common factor of 500 and 40.
20
Calculate the highest common factor of 68 and 116.
4
What is the highest common divisor of 442 and 102?
34
What is the highest common factor of 4704 and 192?
96
Calculate the highest common factor of 195 and 715.
65
What is the greatest common divisor of 47 and 1?
1
Calculate the highest common factor of 2034 and 18.
18
Calculate the greatest common divisor of 12 and 1944.
12
Calculate the highest common factor of 14 and 378.
14
What is the highest common factor of 147 and 39396?
147
Calculate the greatest common divisor of 2919 and 42.
21
Calculate the highest common divisor of 1300 and 1612.
52
Calculate the greatest common divisor of 90 and 170.
10
What is the highest common factor of 1239 and 3363?
177
Calculate the highest common factor of 21 and 231.
21
What is the greatest common divisor of 1417 and 2943?
109
What is the greatest common divisor of 26 and 403?
13
Calculate the highest common divisor of 33 and 88.
11
Calculate the greatest common factor of 68 and 8976.
68
What is the highest common divisor of 81 and 90?
9
Calculate the highest common divisor of 100 and 425.
25
Calculate the greatest common factor of 170 and 40.
10
What is the highest common factor of 62 and 217?
31
What is the greatest common divisor of 310 and 3441?
31
Calculate the greatest common divisor of 27 and 198.
9
What is the greatest common factor of 10 and 990?
10
Calculate the highest common divisor of 12 and 300.
12
What is the greatest common factor of 38 and 1007?
19
What is the highest common divisor of 76 and 532?
76
What is the greatest common factor of 3416 and 14?
14
What is the greatest common factor of 44 and 2596?
44
What is the highest common factor of 485 and 1164?
97
What is the highest common factor of 184 and 1012?
92
Calculate the greatest common divisor of 28830 and 30.
30
What is the highest common divisor of 530 and 50?
10
What is the highest common factor of 1426 and 69?
23
What is the greatest common factor of 7339 and 358?
179
What is the highest common factor of 60 and 560?
20
What is the highest common divisor of 912 and 57?
57
What is the highest common divisor of 99 and 4230?
9
Calculate the highest common factor of 9 and 171.
9
What is the highest common divisor of 14326 and 145?
29
What is the highest common factor of 945 and 7?
7
Calculate the highest common divisor of 1185 and 15.
15
Calculate the highest common factor of 1272 and 18762.
318
What is the highest common divisor of 19 and 3?
1
Calculate the highest common factor of 588 and 4788.
84
Calculate the greatest common divisor of 26 and 3926.
26
What is the highest common divisor of 63 and 1575?
63
What is the greatest common factor of 30 and 12?
6
What is the greatest common divisor of 84 and 364?
28
Calculate the highest common divisor of 20028 and 12.
12
Calculate the highest common divisor of 19 and 19.
19
What is the highest common factor of 3875 and 93?
31
What is the highest common factor of 210 and 150?
30
What is the greatest common factor of 528 and 330?
66
What is the highest common factor of 24 and 168?
24
What is the highest common factor of 1116 and 36?
36
Calculate the greatest common divisor of 56 and 7.
7
Calculate the greatest common divisor of 483 and 21.
21
Calculate the highest common factor of 1921 and 17.
17
Calculate the greatest common divisor of 155 and 62.
31
Calculate the highest common factor of 5984 and 160.
32
Calculate the greatest common factor of 2519 and 22.
11
What is the highest common factor of 63 and 11403?
63
What is the greatest common factor of 1536 and 120?
24
What is the highest common divisor of 166 and 3818?
166
What is the highest common factor of 122 and 183?
61
What is the greatest common factor of 17 and 289?
17
What is the greatest common divisor of 390 and 45?
15
What is the highest common divisor of 964 and 20?
4
Calculate the greatest common divisor of 27 and 129.
3
Calculate the highest common divisor of 37 and 407.
37
What is the highest common factor of 179 and 716?
179
Calculate the highest common divisor of 16 and 432.
16
Calculate the highest common factor of 20996 and 116.
116
What is the highest common factor of 30 and 690?
30
Calculate the greatest common divisor of 11 and 33.
11
What is the greatest common divisor of 645 and 45?
15
What is the highest common factor of 2638 and 2?
2
What is the greatest common factor of 3886 and 268?
134
What is the highest common factor of 779 and 41?
41
Calculate the highest common factor of 6 and 5709.
3
Calculate the greatest common divisor of 24 and 1536.
24
What is the greatest common factor of 38 a